factors of m?
2, 5, 977
Let z = -64136 - -91971. List the prime factors of z.
5, 19, 293
Let g(n) = -3*n - 3. Let s be g(5). Let m = 17 + s. Let u(b) = -91*b**3 - b**2. List the prime factors of u(m).
2, 3, 5
Suppose 0 = 2*a + 3*h - 3387, -11*h + 15*h + 6744 = 4*a. List the prime factors of (a*(-14)/63)/((-2)/3).
563
Let v(a) = 252*a**2 + 33*a + 113. What are the prime factors of v(-3)?
2, 7, 163
Let y(c) = 2*c**3 - 26*c**2 + 59*c + 27. List the prime factors of y(19).
2, 5, 137
Let g(x) = 10*x**3 + 5*x**2 + 23*x - 47. List the prime factors of g(6).
11, 13, 17
Suppose -4*o = -5*b - 38070, -13130 = -2*o + 3*b + 5904. Suppose 15*j + 5*j = o. List the prime factors of j.
2, 7, 17
Let k = 33 + -97. Let u(b) = b**3 - 7*b**2 - 4*b - 27. Let z be u(8). Let m = z - k. List the prime factors of m.
3, 23
Let g be 218*(-2)/(-18) - (-6)/(-27). What are the prime factors of 63/(-4)*g/(-9)?
2, 3, 7
Let d(x) = 288*x**2 + 31*x + 123. What are the prime factors of d(-5)?
2, 7
Suppose 24*o - 870 = 22*o. List the prime factors of o.
3, 5, 29
Let m(s) = 2*s + 16. Let w be m(-8). Suppose w = 7*j - 778 + 15. Suppose 5*l - l - 203 = -5*k, 0 = 3*k - 4*l - j. What are the prime factors of k?
3, 13
Let r = 11957 + -7874. Suppose 31*p - 877 - r = 0. What are the prime factors of p?
2, 5
Suppose -10*a + 100652 = 31552. What are the prime factors of a?
2, 5, 691
Let y be (-100)/(-45) + 6/(-27). Suppose -y*v = -348 - 202. What are the prime factors of v?
5, 11
Let j(k) be the second derivative of -7*k**3/6 + 17*k**2/2 - 3*k. Suppose 5*y = -2*u - 2*u - 37, -5*y = -5*u + 55. List the prime factors of j(y).
2, 5
Let q(c) = -c**3 - 43*c**2 - 8*c + 162. List the prime factors of q(-43).
2, 11, 23
Let s = 59888 + -26976. List the prime factors of s.
2, 11, 17
Suppose 18*v - 19*v = -4*a - 3565, 3*a - 3544 = -v. List the prime factors of v.
11, 17, 19
Let q = 8367 - 6069. List the prime factors of q.
2, 3, 383
Let d(m) = m**3 - 2*m**2 + m - 1. Let b be d(2). Let h be 6/b - (-13 - -15). Suppose -h*x = 2*q - q - 173, 2*x - q = 79. List the prime factors of x.
2, 3, 7
Let l = -84 + 892. Let a = 1234 - l. What are the prime factors of a?
2, 3, 71
Let u = -339 - -350. Suppose -2*g + u*g - 5976 = 0. What are the prime factors of g?
2, 83
Suppose 0 = 2*a - 6*x - 576, -a - 12*x = -7*x - 288. Let f = -219 - -35. Let l = a + f. List the prime factors of l.
2, 13
Suppose 0*y - y + 31 = 0. Let s be (-1 - 0)*(-8)/20 + (-132)/330. Suppose 0 = 4*x + r - 182, -3*x + 5*r + 94 + y = s. What are the prime factors of x?
3, 5
Let x(l) = l**3 + 6*l**2 + l + 8. Let v be x(-6). Suppose 0 = -g - v*f + 5, -10 = 5*g + 5*f - 2*f. Let q(m) = -18*m - 14. List the prime factors of q(g).
2, 19
Suppose -4*q = -b - 15, 45 = 4*b + 3*q + 2*q. Let x(r) = r**3 + 5*r**2 - 9*r + 45. List the prime factors of x(b).
2, 5
List the prime factors of (219 + (7 - 4))/((-3890)/(-555) - 7).
2, 3, 37
Let z = -408 + 1123. Let j = z - 452. List the prime factors of j.
263
Suppose 11*x - 64032 = 5*x - 2*x. List the prime factors of x.
2, 3, 23, 29
Let f(p) = 701*p - 600. What are the prime factors of f(2)?
2, 401
List the prime factors of (((-5)/(-20))/(2/4))/(7/8092).
2, 17
Let h = -6592 + 13760. List the prime factors of h.
2, 7
Suppose 4780 = 2*h + 4*c, c - 7174 = -3*h - c. What are the prime factors of ((-51)/4)/((-39)/h)?
2, 17, 23
Let q(u) = 2*u**2 - 9*u - 2. Let a be q(5). Suppose 187 = 5*o - a*v, o = v + 15 + 24. Suppose -o*l = -32*l - 378. List the prime factors of l.
2, 3, 7
Let d(b) = 3*b**2 - 31*b + 9. Let l be d(10). List the prime factors of ((-1)/((-2)/4))/(l/(-252)).
2, 3, 7
Let p = 79 + -76. Suppose -9 = -5*l + 4*i, p*l + 5*i = -0 - 2. List the prime factors of ((-352)/6)/(l/(-3)*1).
2, 11
Let o = -5506 + 15997. List the prime factors of o.
3, 13, 269
Suppose -3*s = 4*o - 24846, -49*s = -53*s - 5*o + 33127. List the prime factors of s.
2, 4139
Suppose 45*z + 44647 = 5*a + 43*z, 17861 = 2*a - 3*z. List the prime factors of a.
8929
Suppose -5*z - 2*y = -66, 63 = 5*z - 3*y + 4*y. Suppose 6*n = z + 12. Suppose 0 = -n*c + 329 + 99. What are the prime factors of c?
107
Let h(b) = -b**3 - 2*b**2 + 5*b - 8. Let x be 11/88 - 57/8. List the prime factors of h(x).
2, 101
Let h(c) = -c**3 + 5*c**2 - 6*c + 5. Let w be h(3). Suppose 1285 = 5*b + 3*x, 0 = -w*b - x + 4*x + 1315. What are the prime factors of (-40)/b - (-1237)/13?
5, 19
Suppose -f + 4*t = -11853, 287*f - 290*f = -2*t - 35559. What are the prime factors of f?
3, 439
Suppose -6*p + 8 = -22. Suppose -5*y + 0*y = 4*i - 1317, -i + 298 = -p*y. What are the prime factors of i?
17, 19
Let s be ((-246)/(-4) - (-63)/42)*3. What are the prime factors of (-2)/(-18) - (-132090)/s?
3, 233
Suppose -2*j + j + 148 = -2*b, -5*j - 324 = 4*b. List the prime factors of (20*4)/(b/(-152)).
2, 5
Let b(p) = -26*p + 8. Let a be b(1). List the prime factors of (-200)/a + (9 + -3)/(-54).
11
Let i = 673 + -333. Let k = 1040 - i. List the prime factors of k.
2, 5, 7
What are the prime factors of 19245/(-10)*(-384)/72?
2, 1283
Suppose -4*t = t + 10, 2*y = -4*t - 4. Let j be y/7 - 132/(-28). Suppose -2*v - 2*v = -4*m + 316, -2*m + 123 = j*v. List the prime factors of m.
2, 37
Let g = -150 - -103. Let k = -42 - g. Suppose -k*v + 485 = -850. What are the prime factors of v?
3, 89
Suppose -x = -5, -24 = d - 3*x + 12. Let j be (-84)/8*(-154)/d. Let t = j + 79. List the prime factors of t.
2
Suppose 3*h = -u + 3096 + 366, 2*h = -5*u + 17310. What are the prime factors of u?
2, 3, 577
Let n = 9 + -3. Suppose -2*s = n*s - 40. Suppose s*y - 24 = y. What are the prime factors of y?
2, 3
Suppose 0 = -t + p + 6343, 5*p + 16326 = 3*t - 2693. What are the prime factors of t?
2, 3, 23
Let n be (0 + 1)*(5 + -4). List the prime factors of (6/6 + 561)/(n/2).
2, 281
Suppose 7720 = 34*a - 24*a. Let k = 1312 - a. What are the prime factors of k?
2, 3, 5
List the prime factors of (-48088950)/(-850) + (-12)/51.
5, 31, 73
Let l(y) = -121*y**3 - 4*y**2 + 10*y + 27. What are the prime factors of l(-4)?
11, 17, 41
Let q(z) = z**3 - 15*z**2 - 10*z - 34. Suppose j + 4*w - 9 = -12, -15 = 3*w. List the prime factors of q(j).
2, 11, 17
Let o be (-23)/46*2*-97. Let n = o - -102. List the prime factors of n.
199
Let l(t) = t**3 + t**2 + t. Let p(r) = -575*r**3 - 10*r**2 - 9*r - 2. Let u(z) = 6*l(z) + p(z). List the prime factors of u(-1).
2, 283
Let t(g) = 6*g + 8515. What are the prime factors of t(0)?
5, 13, 131
Suppose -3*n + x + 1172 = 0, 5*n = 1830*x - 1826*x + 1958. List the prime factors of n.
2, 3, 5, 13
Let r be -4 - ((2 - -2) + -7). Let b be -33*(r + 3 + -1). Let v = b + 126. List the prime factors of v.
3, 31
Let a(g) = 4*g + 12. Let f be a(-2). Let d be f/18 - ((-8558)/(-18))/11. Let t = 111 + d. What are the prime factors of t?
2, 17
Suppose -4*b - 3*t = 44, -4*t - 6 = 10. What are the prime factors of 64 - 2 - (3 + b)?
67
Let s(r) = 64*r + 128 - 249 + 70*r + 152. What are the prime factors of s(2)?
13, 23
Let c be 30 + 4 + -8 + 4. Suppose 2*k - k + c = 0. Let d = 42 + k. List the prime factors of d.
2, 3
Let g(r) = 2*r - 11. Let w be g(7). Suppose w*t + t + 8 = -3*x, 0 = 4*x. List the prime factors of 4008/40 + t/10.
2, 5
Let h(a) = 5*a**2 + 26*a - 319. List the prime factors of h(35).
2, 23, 73
Suppose 2*s - 540 - 44 = 0. Let g = 296 - s. What are the prime factors of g?
2
Suppose -3*a + 4 = -r + 12, 0 = -5*a - r - 16. Let t be a*(-5)/(-15)*0. Suppose t = -5*v + 54 + 371. List the prime factors of v.
5, 17
Let m be 4 + -9 - -4 - 10/(-2). Suppose 64 = 2*f - 4*j, m*j = -2*f + 6*f - 116. Let y = 52 + f. List the prime factors of y.
2, 3, 13
Let g(d) = -8*d - 3. Let w be g(-4). Suppose -w*p = -34*p + 35. Suppose p*l = 344 + 321. List the prime factors of l.
5, 19
List the prime factors of 2/(3*15/654705).
2, 14549
Suppose 4*n - 5*g + 10 = 0, -4*n + 5 = 4*g - 3. Suppose 24300 = 27*h - n*h. What are the prime factors of h?
2, 3, 5
List the prime factors of -8 + (3238 + 6 - -12).
2, 7, 29
Suppose 22252 = -53*c + 379790. What are the prime factors of c?
2, 3373
Suppose 33 = -3*g + 9. Let u be ((-774)/g)/(21/(-8) + 3). Suppose -5*x + u = 3. List the prime factors of x.
3, 17
Let n(t) = -13 - 14*t - 32 - 1 + 16*t. Let b be n(23). Suppose b = -r - 4*r + 640. List the prime factors of r.
2
Let f(v) = 2*v**2 - 15*v - 5. L